 2 and z?
2
Let m = -1 + 3. Let g be m/7 + (-48)/(-28). Let d be (-124)/(-12) - g/(-3). Calculate the greatest common factor of d and 11.
11
Let n(l) = -3*l - 30. Let c be n(-14). Suppose 3*m = -a + 4 + 14, 5*a + 18 = 3*m. What is the highest common divisor of m and c?
6
Let w = -28 - -35. What is the greatest common factor of 49 and w?
7
Suppose -39*l - 105 = -46*l. Calculate the highest common divisor of l and 60.
15
Suppose 0 = 5*j - 178 - 77. Calculate the highest common divisor of 17 and j.
17
Let g = -228 - -452. Calculate the greatest common factor of 14 and g.
14
Suppose -3*p - 13 = -2*p - 3*u, -5*p = -2*u. Let g(z) = 5*z - 3. Let k be g(p). Let i = k + 7. Calculate the highest common factor of i and 14.
14
Let h(y) = 110*y**3 - y + 1. Let c be h(1). What is the highest common factor of c and 10?
10
Let d(o) = 22*o**2 + 9*o + 21. Let q be d(-3). Calculate the greatest common factor of q and 24.
24
Let i be (1/2)/((-1)/(-12)). Let t be 18*(12/9)/2. What is the greatest common factor of i and t?
6
Suppose -x = -2*x + 12. Suppose 6*o - 2*o = -8. Let u be -6*o/(-4) - -33. Calculate the highest common factor of x and u.
6
Suppose 5*k - 2*q - 410 = 0, -4*k + 3*q + 294 = -27. Calculate the highest common divisor of k and 21.
21
Suppose 5*i = 4*i + 88. What is the highest common divisor of 220 and i?
44
Suppose 5*y - 5*r = 1070, 0 = -2*r - 0 - 8. Calculate the highest common factor of y and 30.
30
Suppose s + 2*i - 2 = -3*i, 3*s + i = 20. What is the highest common factor of s and 14?
7
Suppose h - 16 = 3. What is the greatest common divisor of h and 152?
19
Suppose 4*z - 11 - 29 = 0. Calculate the greatest common divisor of z and 80.
10
Suppose -5*d = 3*s + 226, 2*s = -2*s - 8. Let r(w) = 8*w + 2. Let n be r(8). Let g = d + n. What is the greatest common divisor of g and 2?
2
Let c be 1/((-2)/(-8)) + 2. What is the greatest common factor of 66 and c?
6
Suppose 0 = q - 6*q - 25, -2*j + 11 = -q. Let t = 0 + j. Let m be 314/t + 4/(-6). Calculate the highest common factor of m and 13.
13
Let f(q) = -11*q**3 + 6*q**2 + 21. Let b(h) = 5*h**3 - 3*h**2 - 10. Let j(i) = 13*b(i) + 6*f(i). Let s be j(-4). What is the highest common divisor of s and 48?
12
Let m(x) = -x + 23. Let p be m(0). Let g = 25 - p. Calculate the greatest common divisor of 3 and g.
1
Let x = -150 + 210. Calculate the highest common divisor of 15 and x.
15
Suppose -43 + 263 = 5*p - 5*o, 44 = p + 4*o. What is the highest common divisor of p and 4?
4
Suppose -2*d + d = 0. Suppose -3*b - 2*b + 450 = d. Calculate the greatest common divisor of 9 and b.
9
Let m(l) = l - 4. Let r(h) = h**2 + h + 1. Let f(x) = m(x) + 6*r(x). Let t be f(-5). Suppose -3*n + 31 + 8 = 0. What is the highest common divisor of t and n?
13
Suppose -v = 4*v - 220. Let t be (-6)/9 - (-14)/3. Suppose -5*c = -t*b - 309 - 261, 3*b - 315 = -3*c. Calculate the greatest common factor of v and c.
22
Suppose -4*j + 2*i - 6*i = -136, -j + 3*i + 18 = 0. Calculate the greatest common divisor of j and 12.
6
Suppose 2*a = a + 3. Let g be (a + -1)/(4/(-14)). Let z = 11 + g. What is the greatest common divisor of 36 and z?
4
Let p be ((-297)/5)/(3/(-15)). Calculate the highest common factor of p and 27.
27
Let g = -29 - -43. Let u be 1/(3*(-1)/(-6)). Let n be (-1076)/(-11) + u/11. What is the highest common divisor of n and g?
14
Suppose 4*l - 1909 + 557 = 0. Suppose -3*t - n + l = -2*n, 0 = -2*t - 4*n + 216. Calculate the greatest common factor of 14 and t.
14
Suppose 0 = -s + 179 + 8. What is the greatest common factor of s and 17?
17
Suppose 0*k - 4*k - 828 = 0. Let j = -142 - k. Let i(a) = 14*a**3 - 2*a**2 + 1. Let r be i(1). What is the highest common divisor of j and r?
13
Suppose -3 = r, 4*f + r - 132 = -3*r. Calculate the highest common divisor of f and 396.
36
Let g(s) = s - 16. Let t be g(13). Let m be (-732)/(-9) + t/9. What is the highest common factor of 9 and m?
9
Suppose -b - 4*p + 44 = 0, 4*b + 96 - 306 = p. Calculate the highest common factor of 39 and b.
13
Suppose -5*x + 7 = -13. Suppose 5*i - x*z - 92 = -22, 4*z - 56 = -4*i. Calculate the greatest common divisor of i and 28.
14
Let q(a) = -2*a**2 + 4*a + 5. Let p be q(4). Let u = p + 15. Calculate the greatest common factor of u and 32.
4
Let u = 13 + 2. Suppose u + 0 = 3*w. Let x be 12/w*20/3. What is the greatest common factor of 32 and x?
16
Let l be 4*(-3)/18*-3. Suppose 14 = l*t - 10. Calculate the greatest common divisor of t and 3.
3
Let r(g) = g**3 + 6*g**2 - 2*g + 1. Let j be r(-5). Calculate the highest common factor of 9 and j.
9
Let z be (9/(-6))/((-1)/12*3). What is the greatest common divisor of 42 and z?
6
Let w(f) = 16*f**3 - f**2 + f - 1. Let x(d) = -d**3 - 2*d**2 - d - 1. Let l be x(-2). Let r be w(l). Calculate the highest common divisor of 15 and r.
15
Let v(f) = -f**3 + 1. Let b be v(-1). Suppose -j = -2*u - 2, 3*j - u - 18 + b = 0. Let n = -15 + 21. What is the greatest common factor of j and n?
6
Suppose 4*a = 2*v + 4 + 4, 4*a = 5*v - 4. What is the greatest common factor of v and 36?
4
Let y be -1 + 1/(6/72). Calculate the greatest common divisor of y and 55.
11
Let i(c) = c + c**2 + 4*c**2 + 2*c + 2 - 4*c**2. Suppose 6 = -3*w - 3. Let v be i(w). What is the greatest common factor of v and 4?
2
Suppose 4*d - 361 = -29. Let p = 120 - d. Let q = p + -19. What is the highest common divisor of 2 and q?
2
Suppose -4*i = 2*d - 6, d = -4*i + 8*i + 9. Suppose 0*g = -y + 5*g + 6, g = -d*y + 82. Calculate the highest common factor of 2 and y.
2
Let z(i) = 3*i + 31. Let y be z(-8). Calculate the highest common factor of 56 and y.
7
Let s(c) = -2*c**2 + 3*c. Let v be s(2). Let o(b) = 3*b**2 + 3*b + 3. Let g be o(v). Calculate the highest common divisor of g and 99.
9
Let s(i) = -i - 24. Let x be s(0). Let g = 36 + x. Calculate the greatest common divisor of 30 and g.
6
Suppose 3*u + 11 = 4*h, -3*u - 28 = -4*u - 5*h. Let k be 54*u/(-6)*-5. Calculate the highest common factor of k and 15.
15
Let f(y) = 2*y**2 - 5*y + 3. Let p be f(3). What is the highest common factor of 60 and p?
6
Let r = -16 - -16. Suppose r = 2*t - 17 - 9. What is the highest common factor of 39 and t?
13
Let p(c) = -3*c + 2. Let n be p(-5). Suppose 5*m - 42 = 5*f - 17, -4*f = -m + n. Let w = 20 + -11. Calculate the greatest common factor of w and m.
1
Let r = -146 + 204. Suppose 0 = -q - 4, r = 3*g - 3*q - 14. Let o(x) = -x**2 - 11*x - 23. Let m be o(-7). What is the greatest common factor of g and m?
5
Suppose -5*n - 4*p = -0*n - 134, -5*n + 162 = -3*p. Suppose -y = -66 - n. Suppose -3*k + y = -189. What is the greatest common divisor of 19 and k?
19
Suppose -u + 80 = t, u - 157 = -u - t. Calculate the greatest common factor of 7 and u.
7
Let z be (200/(-60))/((-2)/18). What is the highest common divisor of z and 10?
10
Let g(q) = -q**3 - 2*q**2 + 4*q - 1. Let t be g(-4). Suppose c - t = -0*c. What is the greatest common divisor of 3 and c?
3
Let o(k) = 8*k**2 - 169*k + 5 + k**3 + 169*k. Let q be o(-8). What is the greatest common divisor of q and 2?
1
Let z be 16/(-1 + (-10)/(-6)). Suppose -i - 4*i - 5*u = -325, -105 = -2*i + 3*u. What is the highest common divisor of z and i?
12
Suppose p = x - 7, -4*p - 23 = -2*x - 1. Suppose 7*z - 215 = -68. Calculate the greatest common divisor of z and x.
3
Let i be (-826)/(-98) + (-4)/(-7). Calculate the highest common factor of i and 9.
9
Let q = 7 + -5. Let f(c) = 5*c**2 - c + 2. Let d be f(q). Suppose -5*o = 4*l - 40, -2*o + 0 + 3 = -l. Calculate the highest common divisor of o and d.
4
Let k be ((-4)/(-3))/((-8)/(-60)). Suppose 0 = -r - 2*t + 4, r + 2*r + 3*t = 6. Suppose -5 = -x - r*x. What is the highest common factor of x and k?
5
Let z = 20 + -18. Suppose -7*f = -z*f - 120. Calculate the greatest common factor of f and 216.
24
Suppose -312 = 8*p - 11*p. What is the greatest common divisor of p and 13?
13
Let s(z) be the second derivative of z**4/6 + z**3/3 + 3*z**2/2 - 3*z. Let b be s(-4). Calculate the highest common divisor of b and 18.
9
Let h be (-2 + 0)/(-2) + 4. Suppose r = h*r - 396. What is the greatest common factor of r and 11?
11
Let j(o) = 6*o - 40. Let i be j(10). Calculate the greatest common divisor of 15 and i.
5
Suppose 4*a - 3*g = 44, g - 62 = -3*a - 4*g. What is the highest common divisor of a and 56?
14
